- 4*c**3/3 - 5*c**2/2 + 15*c. What are the prime factors of b(9)?
2
Let f(j) = j**2 + 50*j + 1. What are the prime factors of f(-55)?
2, 3, 23
Let c = -123 - -624. List the prime factors of c.
3, 167
Let x(v) = -82*v + 6. Let y be x(-14). Let m = 774 - y. What are the prime factors of ((-4)/(-10))/((-4)/m)?
2, 19
Let o(r) = 44*r**2 + 24*r - 64. List the prime factors of o(3).
2, 101
Let x = -474 - -667. Let f = x - 54. List the prime factors of f.
139
Let t = -273 - -387. Suppose -5*u + t = -61. List the prime factors of u.
5, 7
Let z = 1388 - 788. What are the prime factors of z?
2, 3, 5
Let s = -217 - -341. Let t = -28 + s. What are the prime factors of t?
2, 3
Let g(f) = 0 + f**2 + 4*f + 4 - 5*f + 7. Let n be g(-8). Let q = n - 57. List the prime factors of q.
2, 13
Let p(g) = 140*g - 398. What are the prime factors of p(11)?
2, 571
Suppose -f = 5*f - 240. List the prime factors of (-4)/(f/(-185))*(-1 - -3).
37
Let s = -112 - -241. What are the prime factors of s?
3, 43
Let w(d) = 2*d**2 - 7*d - 6. Let r be w(6). Let u be (-8)/r - 14/(-6). Suppose -2*l + 3 = p - 8, -u*l - 8 = 0. List the prime factors of p.
19
Let z(t) be the second derivative of -2*t**3 + t**2/2 - 15*t. What are the prime factors of z(-3)?
37
List the prime factors of (-499)/(-4)*13 - 246/(-984).
2, 811
Let b be 2/(-3) + 22/6. Suppose -16*j + 24*j = 32. Suppose 3*v + 2*i - 82 = 4*i, -b*v - j*i + 70 = 0. What are the prime factors of v?
2, 13
Let v(w) = 1037*w + 60. What are the prime factors of v(3)?
3, 7, 151
Suppose 10*q - 1341 = q. List the prime factors of q.
149
Suppose 6*d - 5*u = 3*d + 167, -5*d + 253 = -2*u. Suppose -2*k + 4*n + 114 = 0, -4*k + 4*n + d = -3*k. List the prime factors of k.
5, 13
Suppose 0 = -z - 2*j - 14, 3*j - 2 = -14. Let d(r) = 7*r + 5. Let h(g) = 10*g + 7. Let n(x) = 7*d(x) - 5*h(x). List the prime factors of n(z).
2, 3
Let x(u) = -4*u - 3. Let h be x(-1). What are the prime factors of h*((3 - 4) + 93) - -3?
5, 19
Let f be 162/(-14) - 24/(-42). Let g = 56 + f. What are the prime factors of g?
3, 5
List the prime factors of 107644/44 + 6/11.
2447
Let x(c) = c - 141. Let l(f) = f - 2. Let g(n) = 5*l(n) - x(n). List the prime factors of g(0).
131
Suppose 11*t - 882 = 2011. Let i = t + -112. List the prime factors of i.
151
Let r = 10 - 14. What are the prime factors of (-22)/(-4) + r/(-8)?
2, 3
Let n(r) be the second derivative of -r**5/10 - r**4/2 + 7*r**3/3 + 17*r**2 + 6*r + 1. List the prime factors of n(-6).
2, 83
Let g = 4435 - 1528. What are the prime factors of g?
3, 17, 19
What are the prime factors of 340 - (-5 - (2 + -2))?
3, 5, 23
Let f(q) = 17*q**2 + 144*q - 101. What are the prime factors of f(-20)?
3, 19, 67
Suppose 5*l - 14 = -5*r + 1, 3*r - 9 = l. Suppose r*b = 4*i - 2*i - 64, -3*b - 116 = -4*i. List the prime factors of i.
2, 13
Suppose -o - 11208 = -25*o. List the prime factors of o.
467
Let s(v) = 17*v**2 - 4*v + 2. What are the prime factors of s(-6)?
2, 11, 29
Suppose 5*s = -0*s + 30. Let r = s + -6. Suppose 2*v + r*v = 100. What are the prime factors of v?
2, 5
Let s = 6 + -8. Let v(m) = 1399*m + 5*m**2 - 1401*m + 9*m**2 + 3. List the prime factors of v(s).
3, 7
Suppose 3*t + z - 5306 = 6555, -3*z - 19759 = -5*t. List the prime factors of t.
59, 67
Let c = -43 + 51. Suppose -c*s + 576 = -2*s. List the prime factors of s.
2, 3
What are the prime factors of 7 + (-2 - (-1348 + 3))?
2, 3, 5
Suppose -7*q + 6*q = 0. Let o be q + 0/(-4) + 0. What are the prime factors of (-1 - (-1 + o)) + 12?
2, 3
Let u = -1 + -3. What are the prime factors of -3 + (22 - (-8)/u)?
17
Let k(l) = 42*l**2 + 24*l - 23. What are the prime factors of k(5)?
31, 37
What are the prime factors of 4662/((-23)/(46/(-4)))?
3, 7, 37
Let x(b) = -17*b + 9. Let l be x(-6). Let s = l - 73. What are the prime factors of s?
2, 19
Let d = -54 - -34. List the prime factors of 3*-1*d/12.
5
Let t(d) = -4*d**2 + 132*d - 4. List the prime factors of t(27).
2, 7, 23
Suppose -4*h - 7 = -3, -59 = -2*z - 3*h. Suppose 2*d + 4*a = 81 - z, -4*d + 140 = -2*a. List the prime factors of d.
3, 11
Suppose 0 = -4*d + 3*z - 4, -2*d - 3*z + 16 + 0 = 0. Let i = d - -38. What are the prime factors of i?
2, 5
Suppose -345 = -5*o - 0*o. Suppose 6*h = 5*h + o. What are the prime factors of h?
3, 23
Let w(c) = c**2 - 3*c + 8. Let s(o) = o**2 - 2*o + 9. Let i(u) = 6*s(u) - 7*w(u). What are the prime factors of i(4)?
2, 3
Let i(q) = q**3 - 7*q**2 - 7*q - 8. Let d be i(8). Suppose 2*o = 4 - d. What are the prime factors of (-1 - (o + -5)) + 45?
47
Let b(p) = -p + 12. Let t be b(17). Let w be (12/15)/((-2)/t). Suppose -w*c + 158 = 32. List the prime factors of c.
3, 7
Let k(h) = h**2 + 8*h + 10. Let c be k(-6). Let q(p) be the second derivative of p**4/12 - 2*p**3/3 - 2*p**2 - 8*p. What are the prime factors of q(c)?
2
Suppose 20 - 26 = -3*d. Suppose -5*g + d*m + 1200 = 0, 3*g - 3*m - 1200 = -2*g. What are the prime factors of g?
2, 3, 5
Let c(w) be the first derivative of w**4/4 + 2*w**3 - 10*w**2 - w + 23. List the prime factors of c(-8).
31
Let z(j) = 14*j**3 - 11*j + 9. Let i(o) = 15*o**3 - 10*o + 8. Let t(r) = -4*i(r) + 3*z(r). Let k be t(5). List the prime factors of k/(-75) + (-2)/(-5).
2, 3, 5
Suppose 0*f = 4*f - 8. Suppose 4006 + 1142 = f*t. List the prime factors of (-4)/14 - t/(-42).
61
Let g(u) = 76*u**2 - 109*u + 8. List the prime factors of g(6).
2, 5, 11, 19
Let v be (1 + 3)*(-1 - -2). Suppose 4*b + 2*s = 6*s + 980, 0 = -v*s. List the prime factors of b.
5, 7
Let j be ((-12)/14)/((-9)/693). List the prime factors of 1/((-9)/j)*-12.
2, 11
Let h(u) = 46*u**2 - 9*u + 12. List the prime factors of h(4).
2, 89
Suppose 2*v - 3 = 1. Suppose a - 12 = -v. What are the prime factors of a?
2, 5
Let u(w) = 14*w - 5. Let i be u(11). Suppose 6*z + 3*t = 2*z + i, z + 4*t - 34 = 0. What are the prime factors of z?
2, 19
Let k = 14 - 6. Suppose k = -0*q + 2*q. Suppose -1 = -q*n + 11. List the prime factors of n.
3
Let d = -79 - -79. Suppose 2 = -z + 7. Let b = z - d. List the prime factors of b.
5
Let i = 117 + -39. Let q be (-368)/16*(-1 - -3). Let h = q + i. What are the prime factors of h?
2
Let d = -156 - -844. List the prime factors of d.
2, 43
Let z(l) = 7*l + 35. Let i be z(-15). Let k = -26 - i. What are the prime factors of k?
2, 11
Let f(y) = 8*y**2 + 4 - 10*y**2 + 4*y**2 - 4*y. Let q be f(2). Suppose -w + 30 = q*w. List the prime factors of w.
2, 3
Let h = -44 + 48. Suppose -h*y - s = 351 - 1045, 4*s + 165 = y. What are the prime factors of y?
173
Let o = 50 - 34. Suppose 2*f + 3*t = 3, 5*t + 61 = -0*f + 4*f. Let s = o - f. List the prime factors of s.
7
List the prime factors of (-627)/6*(-78)/13.
3, 11, 19
List the prime factors of 172 + -1 - (-1 + 0).
2, 43
Suppose 5*n - 16795 = -2*c, 4*n - 3401 - 10053 = 2*c. What are the prime factors of n?
3361
Let z = 813 - 296. Let i be z/33 - (-4)/(-6). Suppose 2*b = -i + 55. What are the prime factors of b?
2, 5
Suppose -8*v + 3493 = 357. List the prime factors of v.
2, 7
Let g = 631 + -254. List the prime factors of g.
13, 29
Let y = -13 + 17. Suppose y*m - 150 = -m. What are the prime factors of m?
2, 3, 5
Let d(m) = -m**2 - m + 5. Let a be d(0). Suppose 0 = 4*q - a*q + 87. Let h = -42 + q. List the prime factors of h.
3, 5
Suppose 0*c - 3*c = -9, 4*h = -2*c + 6. Suppose h = x - 3 - 51. List the prime factors of x.
2, 3
Let l(b) = -b**2 + 11*b + 7. Let g(v) = 2*v**2 - 23*v - 15. Let h(t) = 3*g(t) + 7*l(t). Let x(y) = y + 2. Let m be x(4). What are the prime factors of h(m)?
2
Suppose 0 = -u + 3*u + 12. Let g = u + 12. List the prime factors of 300/16 + g/(-8).
2, 3
Suppose 4*t - 17674 = 2*v, -t + 39*v = 35*v - 4408. List the prime factors of t.
2, 5, 13, 17
Suppose 3*n + 1242 = 9*n. Suppose 5*w - 668 - n = 0. List the prime factors of w.
5, 7
Let v be ((-18)/3)/((-6)/21). Let p = 50 - v. What are the prime factors of p?
29
Let c(g) = 5*g**2 + 15*g - 72. What are the prime factors of c(-6)?
2, 3
Let f(b) = -4*b + 7. Suppose 2*y = -4*u - 0*u + 12, 0 = -y + 5*u - 29. Let n be f(y). Let w = n - 12. List the prime factors of w.
11
List the prime factors of (-1944 - -21)*(-16)/12.
2, 641
Let u be ((-1)/(-4) + 572/80)*5. Let o = u - 26. List the prime factors of o.
11
Suppose 0 = 4*g - 5*h + 4 - 49, 5*g = 4*h + 54. Suppose g*k = -2*k + 324. What are